{"id":425,"date":"2022-08-12T10:58:28","date_gmt":"2022-08-12T08:58:28","guid":{"rendered":"https:\/\/www2.kabel1.cz\/?page_id=425"},"modified":"2026-03-20T07:15:46","modified_gmt":"2026-03-20T06:15:46","slug":"planovane-vypadky","status":"publish","type":"page","link":"https:\/\/www.kabel1.cz\/www\/planovane-vypadky\/","title":{"rendered":"Pl\u00e1novan\u00e9 v\u00fdpadky"},"content":{"rendered":"<style>.kb-row-layout-id425_82ff9f-2e > .kt-row-column-wrap{align-content:start;}:where(.kb-row-layout-id425_82ff9f-2e > .kt-row-column-wrap) > .wp-block-kadence-column{justify-content:start;}.kb-row-layout-id425_82ff9f-2e > .kt-row-column-wrap{column-gap:var(--global-kb-gap-md, 2rem);row-gap:var(--global-kb-gap-md, 2rem);max-width:var( --global-content-width, 1290px );padding-left:var(--global-content-edge-padding);padding-right:var(--global-content-edge-padding);padding-top:25px;padding-bottom:152px;grid-template-columns:minmax(0, 1fr);}.kb-row-layout-id425_82ff9f-2e > .kt-row-layout-overlay{opacity:0.30;background-color:var(--global-palette2, #2B6CB0);}.kb-row-layout-id425_82ff9f-2e .kt-row-layout-bottom-sep{height:100px;}.kb-row-layout-id425_82ff9f-2e .kt-row-layout-bottom-sep svg{width:100%;}.kb-row-layout-id425_82ff9f-2e .kt-row-layout-bottom-sep svg{fill:#ffffff!important;}@media all and (max-width: 1024px){.kb-row-layout-id425_82ff9f-2e > .kt-row-column-wrap{grid-template-columns:minmax(0, 1fr);}}@media all and (max-width: 1024px){.kb-row-layout-id425_82ff9f-2e .kt-row-layout-bottom-sep{height:px;}}@media all and (max-width: 1024px){.kb-row-layout-id425_82ff9f-2e .kt-row-layout-bottom-sep svg{width:%;}}@media all and (max-width: 767px){.kb-row-layout-id425_82ff9f-2e > .kt-row-column-wrap{grid-template-columns:minmax(0, 1fr);}.kb-row-layout-id425_82ff9f-2e .kt-row-layout-bottom-sep{height:px;}.kb-row-layout-id425_82ff9f-2e .kt-row-layout-bottom-sep svg{width:%;}}<\/style><div class=\"kb-row-layout-wrap kb-row-layout-id425_82ff9f-2e alignnone kt-row-has-bg wp-block-kadence-rowlayout\"><div class=\"kt-row-layout-overlay kt-row-overlay-normal\"><\/div><div class=\"kt-row-layout-bottom-sep kt-row-sep-type-wave\"><svg viewBox=\"0 0 1000 100\" preserveAspectRatio=\"none\"><path d=\"M1000,40c0,0 -120.077,-38.076 -250,-38c-129.923,0.076 -345.105,78 -500,78c-154.895,0 -250,-30 -250,-30l0,50l1000,0l0,-60Z\" \/><\/svg><\/div><div class=\"kt-row-column-wrap kt-has-1-columns kt-row-layout-equal kt-tab-layout-inherit kt-mobile-layout-row kt-row-valign-top kb-theme-content-width\">\n<style>.kadence-column425_6edf1e-6d > .kt-inside-inner-col,.kadence-column425_6edf1e-6d > .kt-inside-inner-col:before{border-top-left-radius:0px;border-top-right-radius:0px;border-bottom-right-radius:0px;border-bottom-left-radius:0px;}.kadence-column425_6edf1e-6d > .kt-inside-inner-col{column-gap:var(--global-kb-gap-sm, 1rem);}.kadence-column425_6edf1e-6d > .kt-inside-inner-col{flex-direction:column;}.kadence-column425_6edf1e-6d > .kt-inside-inner-col > .aligncenter{width:100%;}.kadence-column425_6edf1e-6d > .kt-inside-inner-col:before{opacity:0.3;}.kadence-column425_6edf1e-6d{position:relative;}@media all and (max-width: 1024px){.kadence-column425_6edf1e-6d > .kt-inside-inner-col{flex-direction:column;justify-content:center;}}@media all and (max-width: 767px){.kadence-column425_6edf1e-6d > .kt-inside-inner-col{flex-direction:column;justify-content:center;}}<\/style>\n<div class=\"wp-block-kadence-column kadence-column425_6edf1e-6d inner-column-1\"><div class=\"kt-inside-inner-col\">\n<h5 class=\"wp-block-heading\">Na t\u00e9to str\u00e1nce naleznete seznam v\u0161ech pl\u00e1novan\u00fdch v\u00fdpadk\u016f na s\u00edti:<\/h5>\n\n\n<style>.kt-tabs-id425_a1ad0c-b0 > .kt-tabs-content-wrap > .wp-block-kadence-tab{border-top:5px solid #dee2e6;border-right:5px solid #dee2e6;border-bottom:5px solid #dee2e6;border-left:5px solid #dee2e6;border-top-left-radius:0px;border-top-right-radius:0px;border-bottom-right-radius:0px;border-bottom-left-radius:0px;padding-top:20px;padding-right:20px;padding-bottom:20px;padding-left:20px;background:#ffffff;}.wp-block-kadence-tabs .kt-tabs-id425_a1ad0c-b0 > .kt-tabs-title-list li{margin-top:0px;margin-right:8px;margin-bottom:-1px;margin-left:0px;}.wp-block-kadence-tabs .kt-tabs-id425_a1ad0c-b0 > .kt-tabs-title-list li .kt-tab-title, .wp-block-kadence-tabs .kt-tabs-id425_a1ad0c-b0 > .kt-tabs-content-wrap > .kt-tabs-accordion-title .kt-tab-title{line-height:1.4em;font-weight:regular;font-style:normal;border-top-width:1px;border-right-width:1px;border-bottom-width:0px;border-left-width:1px;border-top-left-radius:4px;border-top-right-radius:4px;border-bottom-right-radius:0px;border-bottom-left-radius:0px;padding-top:8px;padding-right:20px;padding-bottom:8px;padding-left:20px;border-color:#eeeeee;color:#444444;background:#ffffff;}.wp-block-kadence-tabs .kt-tabs-id425_a1ad0c-b0 > .kt-tabs-content-wrap > .kt-tabs-accordion-title .kt-tab-title{margin-top:0px;margin-right:8px;margin-bottom:-1px;margin-left:0px;}.wp-block-kadence-tabs .kt-tabs-id425_a1ad0c-b0 > .kt-tabs-title-list li .kt-tab-title:hover, .wp-block-kadence-tabs .kt-tabs-id425_a1ad0c-b0 > .kt-tabs-content-wrap > .kt-tabs-accordion-title .kt-tab-title:hover{border-color:#e2e2e2;color:#444444;background:#ffffff;}.wp-block-kadence-tabs .kt-tabs-id425_a1ad0c-b0 > .kt-tabs-title-list li.kt-tab-title-active .kt-tab-title, .wp-block-kadence-tabs .kt-tabs-id425_a1ad0c-b0 > .kt-tabs-content-wrap > .kt-tabs-accordion-title.kt-tab-title-active .kt-tab-title{border-color:#bcbcbc;color:var(--global-palette9, #ffffff);background:var(--global-palette1, #3182CE);}.kt-tabs-id425_a1ad0c-b0 > .kt-tabs-title-list li .kt-title-sub-text, .kt-tabs-id425_a1ad0c-b0 > .kt-tabs-content-wrap > .kt-tabs-accordion-title .kt-title-sub-text{padding:0px 0px 0px 0px;margin:0px 0px 0px 0px;}.wp-block-kadence-tabs .kt-tabs-id425_a1ad0c-b0 > .kt-tabs-title-list li svg{font-size:30px;}@media all and (min-width: 1025px){.wp-block-kadence-tabs .kt-tabs-id425_a1ad0c-b0{display:flex;}.wp-block-kadence-tabs .kt-tabs-id425_a1ad0c-b0 > .kt-tabs-title-list{float:none;width:30%;}.wp-block-kadence-tabs .kt-tabs-id425_a1ad0c-b0 > .kt-tabs-content-wrap{float:none;width:auto;-webkit-flex:1;flex:1;}}@media all and (max-width: 1024px){.kt-tabs-id425_a1ad0c-b0 > .kt-tabs-content-wrap > .wp-block-kadence-tab{border-top:5px solid #dee2e6;border-right:5px solid #dee2e6;border-bottom:5px solid #dee2e6;border-left:5px solid #dee2e6;}}@media all and (max-width: 767px){.kt-tabs-id425_a1ad0c-b0 > .kt-tabs-content-wrap > .wp-block-kadence-tab{border-top:5px solid #dee2e6;border-right:5px solid #dee2e6;border-bottom:5px solid #dee2e6;border-left:5px solid #dee2e6;}}<\/style>\n<div class=\"wp-block-kadence-tabs alignnone\"><div class=\"kt-tabs-wrap kt-tabs-id425_a1ad0c-b0 kt-tabs-has-1-tabs kt-active-tab-1 kt-tabs-layout-vtabs kt-tabs-tablet-layout-tabs kt-tabs-mobile-layout-tabs kt-tab-alignment-left \"><ul class=\"kt-tabs-title-list\"><li id=\"tab-24032026930-1100cibouovhraditraovicevernekomenskhocibouovskosvobozenndranpraskacelsdlunk\" class=\"kt-title-item kt-title-item-1 kt-tabs-svg-show-always kt-tabs-icon-side-left kt-tab-title-active kb-tabs-have-subtitle\"><a href=\"#tab-24032026930-1100cibouovhraditraovicevernekomenskhocibouovskosvobozenndranpraskacelsdlunk\" data-tab=\"1\" class=\"kt-tab-title kt-tab-title-1 \"><span class=\"kb-svg-icon-wrap kb-svg-icon-fe_alertTriangle\"><svg viewBox=\"0 0 24 24\"  fill=\"none\" stroke=\"currentColor\" stroke-width=\"2\" stroke-linecap=\"round\" stroke-linejoin=\"round\" xmlns=\"http:\/\/www.w3.org\/2000\/svg\"  aria-hidden=\"true\"><path d=\"M10.29 3.86L1.82 18a2 2 0 0 0 1.71 3h16.94a2 2 0 0 0 1.71-3L13.71 3.86a2 2 0 0 0-3.42 0z\"\/><line x1=\"12\" y1=\"9\" x2=\"12\" y2=\"13\"\/><line x1=\"12\" y1=\"17\" x2=\"12\" y2=\"17\"\/><\/svg><\/span><div class=\"kb-tab-titles-wrap\"><span class=\"kt-title-text\">24.03.2026 9:30 &#8211; 11:00 Cibou\u0161ov, Hradi\u0161t\u011b, Ra\u0161ovice, Verne, Komensk\u00e9ho, Cibou\u0161ovsk\u00e1, Osvobozen\u00e1, N\u00e1dra\u017en\u00ed, Pra\u017esk\u00e1 a cel\u00fd s\u00eddlunk<\/span><span class=\"kt-title-sub-text\">V\u0161echny slu\u017eby<\/span><\/div><\/a><\/li><\/ul><div class=\"kt-tabs-content-wrap\">\n<div class=\"wp-block-kadence-tab kt-tab-inner-content kt-inner-tab-1 kt-inner-tab425_88a0b9-03\"><div class=\"kt-tab-inner-content-inner\">\n<p>B\u011bhem dopoledn\u00edch hodin v \u00fater\u00fd 24.3.2026 mezi 9:30 a 11:00 dojde ke kr\u00e1tk\u00e9 v\u00fdluce, z d\u016fvodu v\u00fdm\u011bny p\u00e1te\u0159n\u00edho prvku na na\u0161\u00ed s\u00edti.<br>V\u00fdpadek se dotkne obce Cibou\u0161ov, Hradi\u0161t\u011b a Ra\u0161ovice, pr\u016fmyslov\u00e9 z\u00f3ny Verne, \u010d\u00e1sti ulice Komensk\u00e9ho, ulic Cibou\u0161ovsk\u00e1, Osvobozen\u00e1, N\u00e1dra\u017en\u00ed, Pra\u017esk\u00e1 a cel\u00e9ho s\u00eddlunku.<br>M\u011blo by se jednat o kr\u00e1tk\u00fd v\u00fdpadek v\u0161ech n\u00e1m dod\u00e1van\u00fdch slu\u017eeb, v\u00fdm\u011bna za\u0159\u00edzen\u00ed je pe\u010dliv\u011b p\u0159ipravena. S\u00ed\u0165 disponuje z\u00e1lo\u017en\u00edmi linkami, ale v\u00fdm\u011bna bude kr\u00e1tk\u00e1 a ne\u017e se v\u0161echen provoz p\u0159esm\u011bruje n\u00e1hradn\u00ed trasou m\u011blo by b\u00fdt v\u0161e vym\u011bn\u011bn\u00e9 a spu\u0161t\u011bn\u00e9.<br>Pokra\u010dujeme ve v\u00fdm\u011bn\u00e1ch prvk\u016f na s\u00edti, abychom dokon\u010dili p\u0159echod na 100GB p\u00e1te\u0159n\u00ed trasy na na\u0161\u00ed s\u00edti.<br><br>Rozsah IP adres:<br>10.4.X.X<br>10.18.5.X<br>10.18.6.X<br>10.68.X.X<br>10.70.X.X<br>10.77.X.X<br>10.78.X.X<br>10.90.X.X<br>10.100.X.X<br>10.103.X.X<br>10.110.X.X<br>10.171.X.X<\/p>\n<\/div><\/div>\n<\/div><\/div><\/div>\n<\/div><\/div>\n\n<\/div><\/div>\n\n\n<p><\/p>\n","protected":false},"excerpt":{"rendered":"<p>Na t\u00e9to str\u00e1nce naleznete seznam v\u0161ech pl\u00e1novan\u00fdch v\u00fdpadk\u016f na s\u00edti:<\/p>\n","protected":false},"author":5,"featured_media":0,"parent":0,"menu_order":0,"comment_status":"closed","ping_status":"closed","template":"","meta":{"_eb_attr":"","_kad_post_transparent":"","_kad_post_title":"","_kad_post_layout":"","_kad_post_sidebar_id":"","_kad_post_content_style":"","_kad_post_vertical_padding":"","_kad_post_feature":"","_kad_post_feature_position":"","_kad_post_header":false,"_kad_post_footer":false,"_kad_post_classname":"","footnotes":""},"class_list":["post-425","page","type-page","status-publish","hentry"],"_links":{"self":[{"href":"https:\/\/www.kabel1.cz\/www\/wp-json\/wp\/v2\/pages\/425","targetHints":{"allow":["GET"]}}],"collection":[{"href":"https:\/\/www.kabel1.cz\/www\/wp-json\/wp\/v2\/pages"}],"about":[{"href":"https:\/\/www.kabel1.cz\/www\/wp-json\/wp\/v2\/types\/page"}],"author":[{"embeddable":true,"href":"https:\/\/www.kabel1.cz\/www\/wp-json\/wp\/v2\/users\/5"}],"replies":[{"embeddable":true,"href":"https:\/\/www.kabel1.cz\/www\/wp-json\/wp\/v2\/comments?post=425"}],"version-history":[{"count":167,"href":"https:\/\/www.kabel1.cz\/www\/wp-json\/wp\/v2\/pages\/425\/revisions"}],"predecessor-version":[{"id":22687,"href":"https:\/\/www.kabel1.cz\/www\/wp-json\/wp\/v2\/pages\/425\/revisions\/22687"}],"wp:attachment":[{"href":"https:\/\/www.kabel1.cz\/www\/wp-json\/wp\/v2\/media?parent=425"}],"curies":[{"name":"wp","href":"https:\/\/api.w.org\/{rel}","templated":true}]}}