{"id":419,"date":"2022-08-12T10:57:29","date_gmt":"2022-08-12T08:57:29","guid":{"rendered":"https:\/\/www2.kabel1.cz\/?page_id=419"},"modified":"2026-02-28T23:41:32","modified_gmt":"2026-02-28T22:41:32","slug":"kamery","status":"publish","type":"page","link":"https:\/\/www.kabel1.cz\/www\/kamery\/","title":{"rendered":"Online kamery"},"content":{"rendered":"<style>.kb-row-layout-id419_e77610-67 > .kt-row-column-wrap{align-content:start;}:where(.kb-row-layout-id419_e77610-67 > .kt-row-column-wrap) > .wp-block-kadence-column{justify-content:start;}.kb-row-layout-id419_e77610-67 > .kt-row-column-wrap{column-gap:var(--global-kb-gap-md, 2rem);row-gap:var(--global-kb-gap-md, 2rem);max-width:var( --global-content-width, 1290px );padding-left:var(--global-content-edge-padding);padding-right:var(--global-content-edge-padding);padding-top:var(--global-kb-spacing-xl, 4rem);padding-bottom:var(--global-kb-spacing-xxl, 5rem);grid-template-columns:minmax(0, 1fr);}.kb-row-layout-id419_e77610-67 > .kt-row-layout-overlay{opacity:0.30;}.kb-row-layout-id419_e77610-67 .kt-row-layout-top-sep{height:100px;}.kb-row-layout-id419_e77610-67 .kt-row-layout-top-sep svg{width:100%;}.kb-row-layout-id419_e77610-67 .kt-row-layout-top-sep svg{fill:var(--global-palette1, #3182CE)!important;}@media all and (max-width: 1024px){.kb-row-layout-id419_e77610-67 > .kt-row-column-wrap{grid-template-columns:minmax(0, 1fr);}}@media all and (max-width: 767px){.kb-row-layout-id419_e77610-67 > .kt-row-column-wrap{grid-template-columns:minmax(0, 1fr);}}<\/style><div class=\"kb-row-layout-wrap kb-row-layout-id419_e77610-67 alignnone wp-block-kadence-rowlayout\"><div class=\"kt-row-layout-top-sep kt-row-sep-type-crvri\"><svg viewBox=\"0 0 1000 100\" preserveAspectRatio=\"none\"><path d=\"M1000,0c0,0 -120.987,98 -350,98c-229.013,0 -650,-98 -650,-98l0,100l1000,0l0,-100Z\" \/><\/svg><\/div><div class=\"kt-row-column-wrap kt-has-1-columns kt-row-layout-equal kt-tab-layout-inherit kt-mobile-layout-row kt-row-valign-top kb-theme-content-width\">\n<style>.kadence-column419_7a5030-22 > .kt-inside-inner-col,.kadence-column419_7a5030-22 > .kt-inside-inner-col:before{border-top-left-radius:0px;border-top-right-radius:0px;border-bottom-right-radius:0px;border-bottom-left-radius:0px;}.kadence-column419_7a5030-22 > .kt-inside-inner-col{column-gap:var(--global-kb-gap-sm, 1rem);}.kadence-column419_7a5030-22 > .kt-inside-inner-col{flex-direction:column;}.kadence-column419_7a5030-22 > .kt-inside-inner-col > .aligncenter{width:100%;}.kadence-column419_7a5030-22 > .kt-inside-inner-col:before{opacity:0.3;}.kadence-column419_7a5030-22{position:relative;}@media all and (max-width: 1024px){.kadence-column419_7a5030-22 > .kt-inside-inner-col{flex-direction:column;justify-content:center;}}@media all and (max-width: 767px){.kadence-column419_7a5030-22 > .kt-inside-inner-col{flex-direction:column;justify-content:center;}}<\/style>\n<div class=\"wp-block-kadence-column kadence-column419_7a5030-22\"><div class=\"kt-inside-inner-col\">\n<h5 class=\"wp-block-heading\">Online kamery Kl\u00e1\u0161terec nad Oh\u0159\u00ed a okol\u00ed:<\/h5>\n\n\n<style>\r\n.kamery-grid {\r\n  display: grid;\r\n  grid-template-columns: repeat(auto-fit, minmax(300px, 1fr));\r\n  gap: 20px;\r\n  padding: 20px;\r\n}\r\n\r\n.kamera-tile {\r\n  overflow: hidden;\r\n  border-radius: 30px 0 0 0;\r\n  background: #fff;\r\n  text-align: center;\r\n  box-shadow: 0 2px 8px rgba(0,0,0,0.1);\r\n  transition: transform 0.2s, box-shadow 0.2s;\r\n}\r\n\r\n.kamera-tile:hover {\r\n  transform: scale(1.2);\r\n  box-shadow: 0 6px 16px rgba(0,0,0,0.2);\r\n}\r\n\r\n.kamera-tile img {\r\n  width: 100%;\r\n  display: block;\r\n  border: 3px solid #E21E50;\r\n  border-radius: 30px 0 0 0;\r\n  transition: opacity 0.3s;\r\n  cursor: zoom-in;\r\n}\r\n\r\n.kamera-nazev {\r\n  padding: 10px;\r\n  font-weight: bold;\r\n  font-size: 16px;\r\n  color: #333;\r\n}\r\n<\/style>\r\n\r\n<div class=\"kamery-grid\"><div class=\"kamera-tile\"><a href=\"https:\/\/www.kabel1.cz\/kamery\/zamek.jpg\" target=\"_blank\"><img decoding=\"async\" src=\"https:\/\/www.kabel1.cz\/kamery\/zamek.jpg\" alt=\"Z\u00e1mek Kl\u00e1\u0161terec nad Oh\u0159\u00ed\"><\/a><div class=\"kamera-nazev\">Z\u00e1mek Kl\u00e1\u0161terec nad Oh\u0159\u00ed<\/div><\/div><div class=\"kamera-tile\"><a href=\"https:\/\/www.kabel1.cz\/kamery\/salaterrena.jpg\" target=\"_blank\"><img decoding=\"async\" src=\"https:\/\/www.kabel1.cz\/kamery\/salaterrena.jpg\" alt=\"Sala terrena Kl\u00e1\u0161terec nad Oh\u0159\u00ed\"><\/a><div class=\"kamera-nazev\">Sala terrena Kl\u00e1\u0161terec nad Oh\u0159\u00ed<\/div><\/div><div class=\"kamera-tile\"><a href=\"https:\/\/www.kabel1.cz\/kamery\/zstadion.jpg\" target=\"_blank\"><img decoding=\"async\" src=\"https:\/\/www.kabel1.cz\/kamery\/zstadion.jpg\" alt=\"Zimn\u00ed stadion Kl\u00e1\u0161terec nad Oh\u0159\u00ed\"><\/a><div class=\"kamera-nazev\">Zimn\u00ed stadion Kl\u00e1\u0161terec nad Oh\u0159\u00ed<\/div><\/div><\/div><div class=\"kamery-grid\"><div class=\"kamera-tile\"><a href=\"https:\/\/www.kabel1.cz\/kamery\/alsovka1.jpg\" target=\"_blank\"><img decoding=\"async\" src=\"https:\/\/www.kabel1.cz\/kamery\/alsovka1.jpg\" alt=\"Al\u0161ovka 1\"><\/a><div class=\"kamera-nazev\">Al\u0161ovka 1<\/div><\/div><div class=\"kamera-tile\"><a href=\"https:\/\/www.kabel1.cz\/kamery\/alsovka2.jpg\" target=\"_blank\"><img decoding=\"async\" src=\"https:\/\/www.kabel1.cz\/kamery\/alsovka2.jpg\" alt=\"Al\u0161ovka 2\"><\/a><div class=\"kamera-nazev\">Al\u0161ovka 2<\/div><\/div><div class=\"kamera-tile\"><a href=\"https:\/\/www.kabel1.cz\/kamery\/alsovka3.jpg\" target=\"_blank\"><img decoding=\"async\" src=\"https:\/\/www.kabel1.cz\/kamery\/alsovka3.jpg\" alt=\"Al\u0161ovka 3\"><\/a><div class=\"kamera-nazev\">Al\u0161ovka 3<\/div><\/div><\/div>\n\n<style>.wp-block-kadence-spacer.kt-block-spacer-419_67f77a-59 .kt-block-spacer{height:60px;}.wp-block-kadence-spacer.kt-block-spacer-419_67f77a-59 .kt-divider{border-top-width:1px;height:1px;border-top-color:#eee;width:80%;border-top-style:solid;}<\/style>\n<div class=\"wp-block-kadence-spacer aligncenter kt-block-spacer-419_67f77a-59\"><div class=\"kt-block-spacer kt-block-spacer-halign-center\"><\/div><\/div>\n\n\n<div class=\"wp-block-image\">\n<figure class=\"aligncenter size-full is-resized\"><img loading=\"lazy\" decoding=\"async\" width=\"423\" height=\"423\" src=\"https:\/\/www.kabel1.cz\/www\/wp-content\/uploads\/2022\/11\/logo_grape_genius_tv_423x423_px.png\" alt=\"\" class=\"wp-image-12579\" style=\"width:133px;height:auto\" srcset=\"https:\/\/www.kabel1.cz\/www\/wp-content\/uploads\/2022\/11\/logo_grape_genius_tv_423x423_px.png 423w, https:\/\/www.kabel1.cz\/www\/wp-content\/uploads\/2022\/11\/logo_grape_genius_tv_423x423_px-300x300.png 300w, https:\/\/www.kabel1.cz\/www\/wp-content\/uploads\/2022\/11\/logo_grape_genius_tv_423x423_px-150x150.png 150w\" sizes=\"auto, (max-width: 423px) 100vw, 423px\" \/><\/figure>\n<\/div>\n\n\n<p class=\"has-text-align-center\">Tyto i mnoho dal\u0161\u00edch kamer m\u016f\u017ee\u0161 <strong>\u017dIV\u011a <\/strong>sledovat prost\u0159ednictv\u00edm settopboxu ve slu\u017eb\u011b <strong>Genius TV<\/strong>.<br><\/p>\n<\/div><\/div>\n\n<\/div><\/div>\n\n<style>.kb-row-layout-id419_c09667-2f > .kt-row-column-wrap{align-content:start;}:where(.kb-row-layout-id419_c09667-2f > .kt-row-column-wrap) > .wp-block-kadence-column{justify-content:start;}.kb-row-layout-id419_c09667-2f > .kt-row-column-wrap{column-gap:var(--global-kb-gap-md, 2rem);row-gap:var(--global-kb-gap-md, 2rem);max-width:var( --global-content-width, 1290px );padding-left:var(--global-content-edge-padding);padding-right:var(--global-content-edge-padding);padding-top:89px;padding-bottom:25px;grid-template-columns:minmax(0, 1fr);}.kb-row-layout-id419_c09667-2f > .kt-row-layout-overlay{opacity:0.30;background-color:var(--global-palette2, #2B6CB0);}.kb-row-layout-id419_c09667-2f .kt-row-layout-top-sep{height:100px;}.kb-row-layout-id419_c09667-2f .kt-row-layout-top-sep svg{width:100%;}.kb-row-layout-id419_c09667-2f .kt-row-layout-top-sep svg{fill:#ffffff!important;}@media all and (max-width: 1024px){.kb-row-layout-id419_c09667-2f > .kt-row-column-wrap{grid-template-columns:minmax(0, 1fr);}}@media all and (max-width: 767px){.kb-row-layout-id419_c09667-2f > .kt-row-column-wrap{grid-template-columns:minmax(0, 1fr);}}<\/style><div class=\"kb-row-layout-wrap kb-row-layout-id419_c09667-2f alignnone kt-row-has-bg wp-block-kadence-rowlayout\"><div class=\"kt-row-layout-overlay kt-row-overlay-normal\"><\/div><div class=\"kt-row-layout-top-sep kt-row-sep-type-wavei\"><svg viewBox=\"0 0 1000 100\" preserveAspectRatio=\"none\"><path d=\"M0,40c0,0 120.077,-38.076 250,-38c129.923,0.076 345.105,78 500,78c154.895,0 250,-30 250,-30l0,50l-1000,0l0,-60Z\" \/><\/svg><\/div><div class=\"kt-row-column-wrap kt-has-1-columns kt-row-layout-equal kt-tab-layout-inherit kt-mobile-layout-row kt-row-valign-top kb-theme-content-width\">\n<style>.kadence-column419_eff7b5-99 > .kt-inside-inner-col,.kadence-column419_eff7b5-99 > .kt-inside-inner-col:before{border-top-left-radius:0px;border-top-right-radius:0px;border-bottom-right-radius:0px;border-bottom-left-radius:0px;}.kadence-column419_eff7b5-99 > .kt-inside-inner-col{column-gap:var(--global-kb-gap-sm, 1rem);}.kadence-column419_eff7b5-99 > .kt-inside-inner-col{flex-direction:column;}.kadence-column419_eff7b5-99 > .kt-inside-inner-col > .aligncenter{width:100%;}.kadence-column419_eff7b5-99 > .kt-inside-inner-col:before{opacity:0.3;}.kadence-column419_eff7b5-99{position:relative;}@media all and (max-width: 1024px){.kadence-column419_eff7b5-99 > .kt-inside-inner-col{flex-direction:column;justify-content:center;}}@media all and (max-width: 767px){.kadence-column419_eff7b5-99 > .kt-inside-inner-col{flex-direction:column;justify-content:center;}}<\/style>\n<div class=\"wp-block-kadence-column kadence-column419_eff7b5-99 inner-column-1\"><div class=\"kt-inside-inner-col\"><style>.wp-block-kadence-column.kb-section-dir-horizontal > .kt-inside-inner-col > .kt-info-box419_afbf60-45 .kt-blocks-info-box-link-wrap{max-width:unset;}.kt-info-box419_afbf60-45 .kt-blocks-info-box-link-wrap{border-top:5px solid var(--global-palette1, #3182CE);border-right:5px solid var(--global-palette1, #3182CE);border-bottom:5px solid var(--global-palette1, #3182CE);border-left:5px solid var(--global-palette1, #3182CE);border-top-left-radius:20px;border-top-right-radius:20px;border-bottom-right-radius:20px;border-bottom-left-radius:20px;background:#ffffff;padding-top:24px;padding-right:24px;padding-bottom:24px;padding-left:24px;margin-top:70px;}.kt-info-box419_afbf60-45 .kt-blocks-info-box-link-wrap:hover{background:#ffffff;}.kt-info-box419_afbf60-45 .kadence-info-box-icon-container .kt-info-svg-icon, .kt-info-box419_afbf60-45 .kt-info-svg-icon-flip, .kt-info-box419_afbf60-45 .kt-blocks-info-box-number{font-size:50px;}.kt-info-box419_afbf60-45 .kt-blocks-info-box-media{color:#444444;background:#ffffff;border-color:#eeeeee;border-radius:200px;overflow:hidden;border-top-width:5px;border-right-width:5px;border-bottom-width:5px;border-left-width:5px;padding-top:20px;padding-right:20px;padding-bottom:20px;padding-left:20px;}.kt-info-box419_afbf60-45 .kt-blocks-info-box-media-container{margin-top:-75px;margin-right:0px;margin-bottom:20px;margin-left:0px;}.kt-info-box419_afbf60-45 .kt-blocks-info-box-media .kadence-info-box-image-intrisic img{border-radius:200px;}.kt-info-box419_afbf60-45 .kt-blocks-info-box-link-wrap:hover .kt-blocks-info-box-media{color:var(--global-palette1, #3182CE);background:#ffffff;border-color:#eeeeee;}.kt-info-box419_afbf60-45 .kt-infobox-textcontent h5.kt-blocks-info-box-title{color:var(--global-palette3, #1A202C);padding-top:0px;padding-right:0px;padding-bottom:0px;padding-left:0px;margin-top:5px;margin-right:0px;margin-bottom:10px;margin-left:0px;}.kt-info-box419_afbf60-45 .kt-infobox-textcontent .kt-blocks-info-box-text{color:#555555;}.kt-info-box419_afbf60-45 .kt-blocks-info-box-learnmore{background:transparent;border-color:#555555;border-width:0px 0px 0px 0px;padding-top:4px;padding-right:8px;padding-bottom:4px;padding-left:8px;margin-top:10px;margin-right:0px;margin-bottom:10px;margin-left:0px;}.kt-info-box419_afbf60-45 .kt-blocks-info-box-link-wrap:hover .kt-blocks-info-box-learnmore,.kt-info-box419_afbf60-45 .kt-blocks-info-box-link-wrap .kt-blocks-info-box-learnmore:focus{color:#ffffff;background:#444444;border-color:#444444;}@media all and (max-width: 1024px){.kt-info-box419_afbf60-45 .kt-blocks-info-box-link-wrap{border-top:5px solid var(--global-palette1, #3182CE);border-right:5px solid var(--global-palette1, #3182CE);border-bottom:5px solid var(--global-palette1, #3182CE);border-left:5px solid var(--global-palette1, #3182CE);}}@media all and (max-width: 767px){.kt-info-box419_afbf60-45 .kt-blocks-info-box-link-wrap{border-top:5px solid var(--global-palette1, #3182CE);border-right:5px solid var(--global-palette1, #3182CE);border-bottom:5px solid var(--global-palette1, #3182CE);border-left:5px solid var(--global-palette1, #3182CE);}}<\/style>\n<div class=\"wp-block-kadence-infobox kt-info-box419_afbf60-45\"><a class=\"kt-blocks-info-box-link-wrap info-box-link kt-blocks-info-box-media-align-top kt-info-halign-center\" href=\"https:\/\/www1.kabel1.cz\/kamerove-systemy\/\"><div class=\"kt-blocks-info-box-media-container\"><div class=\"kt-blocks-info-box-media kt-info-media-animate-none\"><div class=\"kadence-info-box-icon-container kt-info-icon-animate-none\"><div class=\"kadence-info-box-icon-inner-container\"><span class=\"kb-svg-icon-wrap kb-svg-icon-fas_exclamation kt-info-svg-icon\"><svg viewBox=\"0 0 192 512\"  fill=\"currentColor\" xmlns=\"http:\/\/www.w3.org\/2000\/svg\"  aria-hidden=\"true\"><path d=\"M176 432c0 44.112-35.888 80-80 80s-80-35.888-80-80 35.888-80 80-80 80 35.888 80 80zM25.26 25.199l13.6 272C39.499 309.972 50.041 320 62.83 320h66.34c12.789 0 23.331-10.028 23.97-22.801l13.6-272C167.425 11.49 156.496 0 142.77 0H49.23C35.504 0 24.575 11.49 25.26 25.199z\"\/><\/svg><\/span><\/div><\/div><\/div><\/div><div class=\"kt-infobox-textcontent\"><h5 class=\"kt-blocks-info-box-title\">Mezi dal\u0161\u00ed nab\u00edzen\u00e9 slu\u017eby pat\u0159\u00ed:<\/h5><p class=\"kt-blocks-info-box-text\">Instalace kamerov\u00fdch syst\u00e9m\u016f. Z\u00e1znam 24 hodin denn\u011b 7 dn\u00ed v t\u00fddnu v bezpe\u010dn\u00e9m \u00falo\u017ei\u0161ti. Platby formou pron\u00e1jmu kamer. Instalace zdarma.<\/p><\/div><\/a><\/div>\n\n\n<style>.wp-block-kadence-spacer.kt-block-spacer-419_4cf3f1-0f .kt-block-spacer{height:30px;}.wp-block-kadence-spacer.kt-block-spacer-419_4cf3f1-0f .kt-divider{border-top-width:1px;height:1px;border-top-color:#eee;width:80%;border-top-style:solid;}<\/style>\n<div class=\"wp-block-kadence-spacer aligncenter kt-block-spacer-419_4cf3f1-0f\"><div class=\"kt-block-spacer kt-block-spacer-halign-center\"><\/div><\/div>\n\n\n\n<p class=\"has-text-align-center\">Tato str\u00e1nka se automaticky obnovuje ka\u017ed\u00fdch 5 minut.<\/p>\n<\/div><\/div>\n\n<\/div><\/div>\n\n","protected":false},"excerpt":{"rendered":"<p>Online kamery Kl\u00e1\u0161terec nad Oh\u0159\u00ed a okol\u00ed: Tyto i mnoho dal\u0161\u00edch kamer m\u016f\u017ee\u0161 \u017dIV\u011a sledovat prost\u0159ednictv\u00edm settopboxu ve slu\u017eb\u011b Genius TV. Tato str\u00e1nka se automaticky obnovuje ka\u017ed\u00fdch 5 minut.<\/p>\n","protected":false},"author":5,"featured_media":0,"parent":0,"menu_order":0,"comment_status":"closed","ping_status":"closed","template":"","meta":{"_eb_attr":"","_kad_post_transparent":"","_kad_post_title":"","_kad_post_layout":"","_kad_post_sidebar_id":"","_kad_post_content_style":"","_kad_post_vertical_padding":"","_kad_post_feature":"","_kad_post_feature_position":"","_kad_post_header":false,"_kad_post_footer":false,"_kad_post_classname":"","footnotes":""},"class_list":["post-419","page","type-page","status-publish","hentry"],"_links":{"self":[{"href":"https:\/\/www.kabel1.cz\/www\/wp-json\/wp\/v2\/pages\/419","targetHints":{"allow":["GET"]}}],"collection":[{"href":"https:\/\/www.kabel1.cz\/www\/wp-json\/wp\/v2\/pages"}],"about":[{"href":"https:\/\/www.kabel1.cz\/www\/wp-json\/wp\/v2\/types\/page"}],"author":[{"embeddable":true,"href":"https:\/\/www.kabel1.cz\/www\/wp-json\/wp\/v2\/users\/5"}],"replies":[{"embeddable":true,"href":"https:\/\/www.kabel1.cz\/www\/wp-json\/wp\/v2\/comments?post=419"}],"version-history":[{"count":68,"href":"https:\/\/www.kabel1.cz\/www\/wp-json\/wp\/v2\/pages\/419\/revisions"}],"predecessor-version":[{"id":22545,"href":"https:\/\/www.kabel1.cz\/www\/wp-json\/wp\/v2\/pages\/419\/revisions\/22545"}],"wp:attachment":[{"href":"https:\/\/www.kabel1.cz\/www\/wp-json\/wp\/v2\/media?parent=419"}],"curies":[{"name":"wp","href":"https:\/\/api.w.org\/{rel}","templated":true}]}}